when 158 is divided by 34?
22
What is the remainder when 894 is divided by 81?
3
Calculate the remainder when 461 is divided by 29.
26
What is the remainder when 67 is divided by 17?
16
What is the remainder when 75 is divided by 21?
12
Calculate the remainder when 463 is divided by 85.
38
What is the remainder when 48 is divided by 9?
3
Calculate the remainder when 7109 is divided by 113.
103
Calculate the remainder when 666 is divided by 27.
18
Calculate the remainder when 72 is divided by 63.
9
Calculate the remainder when 128 is divided by 20.
8
What is the remainder when 9 is divided by 9?
0
What is the remainder when 1328 is divided by 332?
0
Calculate the remainder when 96 is divided by 46.
4
Calculate the remainder when 1490 is divided by 302.
282
Calculate the remainder when 203 is divided by 179.
24
What is the remainder when 99 is divided by 29?
12
Calculate the remainder when 1329 is divided by 199.
135
What is the remainder when 404 is divided by 41?
35
Calculate the remainder when 20 is divided by 9.
2
Calculate the remainder when 485 is divided by 161.
2
What is the remainder when 512 is divided by 62?
16
Calculate the remainder when 168 is divided by 49.
21
What is the remainder when 802 is divided by 26?
22
What is the remainder when 22 is divided by 5?
2
Calculate the remainder when 285 is divided by 22.
21
What is the remainder when 173 is divided by 67?
39
What is the remainder when 106 is divided by 23?
14
What is the remainder when 80 is divided by 73?
7
What is the remainder when 359 is divided by 114?
17
Calculate the remainder when 1925 is divided by 21.
14
What is the remainder when 188 is divided by 66?
56
Calculate the remainder when 72 is divided by 5.
2
What is the remainder when 264 is divided by 14?
12
What is the remainder when 179 is divided by 30?
29
What is the remainder when 1070 is divided by 14?
6
What is the remainder when 18173 is divided by 128?
125
Calculate the remainder when 153 is divided by 66.
21
What is the remainder when 131 is divided by 11?
10
Calculate the remainder when 147 is divided by 80.
67
Calculate the remainder when 185 is divided by 44.
9
What is the remainder when 149 is divided by 86?
63
What is the remainder when 312 is divided by 149?
14
Calculate the remainder when 156 is divided by 33.
24
Calculate the remainder when 2108 is divided by 700.
8
Calculate the remainder when 203 is divided by 12.
11
What is the remainder when 906 is divided by 101?
98
What is the remainder when 353 is divided by 113?
14
What is the remainder when 715 is divided by 64?
11
Calculate the remainder when 143 is divided by 32.
15
Calculate the remainder when 1835 is divided by 102.
101
What is the remainder when 408 is divided by 201?
6
Calculate the remainder when 102813 is divided by 357.
354
Calculate the remainder when 5216 is divided by 23.
18
Calculate the remainder when 485 is divided by 81.
80
What is the remainder when 1563 is divided by 112?
107
What is the remainder when 1449 is divided by 204?
21
What is the remainder when 1209 is divided by 11?
10
What is the remainder when 665 is divided by 74?
73
What is the remainder when 1240 is divided by 3?
1
What is the remainder when 91 is divided by 34?
23
What is the remainder when 2811 is divided by 105?
81
Calculate the remainder when 555 is divided by 112.
107
What is the remainder when 438 is divided by 10?
8
What is the remainder when 507 is divided by 15?
12
What is the remainder when 223 is divided by 15?
13
What is the remainder when 213 is divided by 35?
3
Calculate the remainder when 654 is divided by 604.
50
What is the remainder when 208 is divided by 16?
0
What is the remainder when 594 is divided by 120?
114
What is the remainder when 134 is divided by 82?
52
What is the remainder when 465 is divided by 184?
97
What is the remainder when 51 is divided by 15?
6
What is the remainder when 70 is divided by 24?
22
What is the remainder when 1767 is divided by 397?
179
Calculate the remainder when 415 is divided by 4.
3
What is the remainder when 180 is divided by 65?
50
Calculate the remainder when 164 is divided by 42.
38
Calculate the remainder when 123 is divided by 49.
25
Calculate the remainder when 578 is divided by 49.
39
What is the remainder when 4067 is divided by 22?
19
What is the remainder when 187 is divided by 52?
31
What is the remainder when 1005 is divided by 35?
25
What is the remainder when 148 is divided by 99?
49
What is the remainder when 334 is divided by 15?
4
Calculate the remainder when 340 is divided by 49.
46
What is the remainder when 2053 is divided by 42?
37
What is the remainder when 1920 is divided by 121?
105
What is the remainder when 50 is divided by 11?
6
What is the remainder when 355 is divided by 146?
63
What is the remainder when 8 is divided by 4?
0
What is the remainder when 293 is divided by 49?
48
Calculate the remainder when 33 is divided by 27.
6
Calculate the remainder when 98 is divided by 36.
26
Calculate the remainder when 1326 is divided by 38.
34
What is the remainder when 152 is divided by 13?
9
Calculate the remainder when 441 is divided by 75.
66
What is the remainder when 62 is divided by 13?
10
What is the remainder when 2594 is divided by 2?
0
Calculate the remainder when 41 is divided by 16.
9
Calculate the remainder when 643 is divided by 15.
13
What is the remainder when 7384 is divided by 615?
4
Calculate the remainder when 909 is divided by 33.
18
What is the remainder when 75 is divided by 42?
33
Calculate the remainder when 208 is divided by 49.
12
What is the remainder when 3313 is divided by 15?
13
What is the remainder when 185 is divided by 40?
25
Calculate the remainder when 2993 is divided by 505.
468
Calculate the remainder when 79 is divided by 20.
19
What is the remainder when 420 is divided by 78?
30
Calculate the remainder when 246 is divided by 42.
36
Calculate the remainder when 127 is divided by 10.
7
What is the remainder when 13360 is divided by 131?
129
What is the remainder when 159 is divided by 23?
21
What is the remainder when 546 is divided by 469?
77
Calculate the remainder when 246 is divided by 33.
15
What is the remainder when 222 is divided by 75?
72
Calculate the remainder when 8026 is divided by 9.
7
Calculate the remainder when 1461 is divided by 12.
9
What is the remainder when 409 is divided by 13?
6
Calculate the remainder when 846 is divided by 279.
9
What is the remainder when 50 is divided by 24?
2
Calculate the remainder when 683 is divided by 173.
164
Calculate the remainder when 326 is divided by 86.
68
What is the remainder when 90 is divided by 13?
12
What is the remainder when 191 is divided by 65?
61
What is the remainder when 7517 is divided by 179?
178
What is the remainder when 446 is divided by 5?
1
Calculate the remainder when 321 is divided by 9.
6
What is the remainder when 220 is divided by 18?
4
Calculate the remainder when 5092 is divided by 300.
292
What is the remainder when 682 is divided by 20?
2
Calculate the remainder when 2078 is divided by 13.
11
What is the remainder when 1162 is divided by 12?
10
What is the remainder when 191 is divided by 53?
32
Calculate the remainder when 15935 is divided by 13.
10
Calculate the remainder when 1600 is divided by 529.
13
Calculate the remainder when 247 is divided by 45.
22
Calculate the remainder when 256 is divided by 77.
25
Calculate the remainder when 663 is divided by 18.
15
What is the remainder when 610 is divided by 18?
16
Calculate the remainder when 1190 is divided by 87.
59
What is the remainder when 46 is divided by 34?
12
Calculate the remainder when 9818 is divided by 161.
158
What is the remainder when 358 is divided by 36?
34
What is the remainder when 194 is divided by 40?
34
What is the remainder when 198 is divided by 104?
94
Calculate the remainder when 6995 is divided by 10.
5
What is the remainder when 415 is divided by 13?
12
Calculate the remainder when 4785 is divided by 18.
15
What is the remainder when 154 is divided by 32?
26
What is the remainder when 88 is divided by 15?
13
What is the remainder when 2190 is divided by 129?
126
Calculate the remainder when 1154 is divided by 105.
104
What is the remainder when 303 is divided by 15?
3
Calcu